. Suppose 2*q = -3*a + 7*q + 16, -4 = -a + q. Let o be y(a). Is (5129/(-92))/(2/o) composite?
True
Let w be 4/(-10) + 8/(-5) + 2. Suppose 5*g - 5*c - 440 = 0, 2*g + 2*c + 0*c - 164 = w. Suppose -3*u + 83 = q - 6*u, -q = -2*u - g. Is q a prime number?
True
Let g(r) = 369*r**3 + 32*r - 12. Is g(7) composite?
True
Suppose 0 = -1151*c + 1098*c + 1213753. Is c a prime number?
True
Suppose 0 = -2*t + 6, 5*y = -2*t - t + 2239. Let h = 843 - y. Is h a prime number?
True
Let f(q) = 392*q - 11. Let h be -3 + 20/(8 - 4). Let k(w) = -196*w + 5. Let d(m) = h*f(m) + 5*k(m). Is d(-2) a composite number?
True
Let r(u) = u**2 - 4*u - 1. Let x(i) = -i**2 - i + 1. Let k(q) = q**2 + 8*q - 2. Let a(n) = k(n) + 3*x(n). Let m(v) = -3*a(v) - 4*r(v). Is m(10) prime?
True
Let w(m) be the third derivative of -m**4/24 - m**3/6 + 9*m**2. Let n be w(-5). Suppose -19 - 209 = -n*h. Is h a composite number?
True
Let k = 108 - 86. Suppose -k*f - 9*f = -211451. Is f a prime number?
False
Let y = 119779 + -48368. Is y composite?
False
Let a = -140 - -143. Suppose -a*g + 1388 = 2*f, 4*g + 2460 = 3*f + 361. Is f prime?
False
Let r(y) = 43*y**2 + 3*y - 13. Let f be (-2 + 3/(-3))*1. Let z = f + -3. Is r(z) a prime number?
False
Let s = -16441 + 30301. Suppose 10*a - s = 47770. Is a composite?
False
Let a = -1028 + 1031. Let l(t) = t**3 - 4*t**2 - 4*t + 1. Let z be l(6). Suppose z = 3*g + 5*k - 67, 3*k - a = 0. Is g prime?
True
Let w = -59673 + 115624. Is w prime?
False
Let d(s) = 3*s - 7. Let g be d(3). Let y be (-11)/(g*4/1416). Let w = y + 3490. Is w prime?
True
Let l be 9 + 1/1 - (4 - 1). Suppose 0 = 5*c - 3*f - 21011, l*f = -3*c + 2*f + 12593. Is c a prime number?
True
Suppose 12*l = 3*l - 2*l. Suppose l = 78*r - 86*r + 248. Is r a prime number?
True
Let m(s) = -3*s + 22. Let o be m(3). Is (o - -10539) + 3 + 0 a composite number?
True
Let q = -177 - -226. Suppose -q*f = -54*f + 64335. Is f prime?
False
Let l(i) = 19*i**2 - 2*i - 2. Let n(o) = 11*o**3 - o**2 - 1. Let w be n(2). Let t = -84 + w. Is l(t) a composite number?
False
Let p(z) = z**2 - 13*z + 40. Let n be p(9). Is 1/((-3)/(-28917)) + n prime?
True
Let m be (-85)/(6/282*-1). Let r = -1968 + m. Is r a composite number?
False
Suppose -12027807 = -58*q + 14473495. Is q composite?
True
Suppose -5*t + 239471 = 4*s - 41124, 0 = 4*t - 4*s - 224512. Is t a composite number?
False
Let a(k) = -4*k**2 - 2*k - 42. Let w be a(15). Let i(r) = -21*r**2 + 5*r. Let j be i(-5). Let d = j - w. Is d composite?
True
Suppose 519384 = 111*f - 99*f. Let v = -30519 + f. Is v prime?
True
Let n(y) be the third derivative of 0*y + 0 + 1/60*y**5 + 1/24*y**4 + 21*y**2 + 1/20*y**6 - 1/6*y**3. Is n(5) a prime number?
False
Let t = -6513 - -14093. Let b = t - 777. Is b a prime number?
True
Let x = -27857 + 70446. Is x a prime number?
True
Let u(b) = 25184*b + 1803. Is u(7) a prime number?
True
Let y(q) = q**3 - q**2 - 2*q + 379. Let z be -2 + 2*11 + 18/(-9). Let s = 18 - z. Is y(s) composite?
False
Is (-46 + 68 + -25)*33203*(0 + -1) a prime number?
False
Let k(a) be the third derivative of a**4/24 + a**3/3 - 16*a**2. Let f be k(12). Suppose -495 + f = -p. Is p prime?
False
Suppose 4*c = -2*v + 92378, -4*c - 11*v + 92369 = -12*v. Is c composite?
True
Let l(x) = x + 2*x**2 - 7 + 4*x + 11. Let g be l(-2). Suppose -4*w = g*i - 57 - 69, -w = 1. Is i composite?
True
Suppose -2*w - 13414 = -79656. Is w prime?
False
Let g(x) = 12803*x - 8857. Is g(48) a prime number?
True
Suppose 4*l - 118 = -2*y - 106, l = 2*y + 8. Let h be -2*1/3*3. Is (y/4)/(h/2084) prime?
True
Let n = -18 - -53. Suppose 2*v = -5*i + 5747, n - 20 = 3*i. Is v a prime number?
True
Suppose -5*h + 2376 + 224 = 0. Suppose x - h - 483 = 0. Is x*(-1)/(-5) - 4/(-10) prime?
False
Suppose -q + 4*c = 5 + 10, -3*c + 40 = 5*q. Suppose q*o + 3*o - 5*o = 0. Suppose -3*d - 8*l + 3*l + 150 = o, 0 = -5*d + 3*l + 284. Is d composite?
True
Suppose 2*i + 3*y = 261497, 80*i - 653780 = 75*i + 5*y. Is i a prime number?
False
Is -9 + ((-145 - 6) + 8)*-3160 composite?
True
Is ((-2403250)/40)/25*(-1 - 3) a composite number?
False
Let b(l) = -4*l + 101*l**2 + 3*l + 9 + l**3 - 108*l**2. Let g be b(7). Suppose -g*t = -3*n - 239 - 38, 4*t = -n + 589. Is t a composite number?
True
Let o = -32230 - -63822. Suppose 8*r - o = -0*r. Is r prime?
False
Suppose -34*c = -36*c - 18260. Let s = c + 17417. Is s prime?
True
Suppose -3*f + 4*f = -4*f. Let b(d) = -d**3 - d + 10477. Is b(f) prime?
True
Let s be (-31)/((-3)/21*-1). Let p(i) = -2*i**3 + 20*i**2 - 9*i - 7. Let v be p(11). Let x = s - v. Is x a composite number?
False
Suppose -6*b + 10 = -2. Let x be (-2)/5 - (25712/(-5) - b). Suppose -4*h - h = 2*r - 2562, -4*r - 5*h = -x. Is r prime?
True
Let j be (-1 - 7)*6/(-12). Let s be j/14 - 10/35. Suppose 3187 = 3*v + 2*k - 6*k, v - 2*k - 1065 = s. Is v prime?
False
Let u(l) = -16503*l**3 + 5*l**2 + 72*l + 135. Is u(-2) a composite number?
True
Let m(q) = q**3 + q**2 - 48*q + 45. Let j be m(1). Suppose -244 = -3*a - a. Is (a/(-122))/(j/426 + 0) a prime number?
False
Let s(l) = 147*l**2 - 23*l - 5. Suppose 13*d = 19*d - 42. Is s(d) a composite number?
True
Let j = -353 - -361. Suppose j*z = -2906 + 17650. Is z a prime number?
False
Suppose -827850 = 218*u - 224*u. Suppose -22*c + u = -1351. Is c prime?
False
Is ((-272722)/(-7))/((-8)/(-28)) prime?
True
Let v(p) be the second derivative of 13*p**6/360 - p**5/40 - p**4/8 + 3*p**3 - 17*p. Let o(d) be the second derivative of v(d). Is o(-3) composite?
True
Let d = -44 - -85. Let o(g) = 44*g - 142*g + 51 + 4*g**2 + d*g + 50*g. Is o(20) a prime number?
True
Let w = -1070 - -1911. Suppose 2*c - w = -3*l + 2282, -5*l - c + 5198 = 0. Is l a prime number?
True
Let h = 184708 - 40835. Is h prime?
True
Let k be 95/35 - 2/(-7). Suppose k*u = 4*u + 3. Is (21/12 + u)/(2/(-6296)) a composite number?
True
Suppose -2*z = 6 - 6. Let b(u) = -u + 2. Let i be b(z). Suppose 2*n + i*n = 4540. Is n a prime number?
False
Suppose 13 = 2*r - m, -3*r + 6*m + 27 = 3*m. Suppose h = -h + r. Suppose -h*c - 9 = -1, 5*c = -3*l + 3451. Is l composite?
True
Suppose 134 = 31*r + 10. Suppose 3*q - 56904 = g, -4*q + 36454 + 39410 = -r*g. Is q a composite number?
True
Let s(f) = -265*f**3 + 32*f**2 + 10*f - 26. Let l(a) = -177*a**3 + 21*a**2 + 7*a - 17. Let w(y) = 8*l(y) - 5*s(y). Is w(-5) prime?
False
Let b = -15 + 15. Suppose b = 4*f - c - 22, 0*c - c - 7 = -f. Suppose 19 = u - 5*v - 683, 0 = 3*u - f*v - 2056. Is u composite?
False
Let n = 246172 + -152462. Suppose 2*c - 12*c = -n. Is c a composite number?
False
Let a = 338389 + -113018. Is a prime?
True
Suppose 20*n + 10 = -5*l + 16*n, 0 = 4*l - 2*n - 18. Suppose -11*f + 7*f = -s - 7799, 4*f - l*s = 7802. Is f composite?
False
Suppose 1092750 = 5*d - l, -4*d - 5*l + 747753 + 126418 = 0. Is d composite?
False
Let d(m) = -7*m - 5. Let n be d(-1). Is (4 + 5/(-10)*n)*1 composite?
False
Suppose 4*s - 1730853 = 24*v - 29*v, 2*v + 5*s = 692348. Is v a composite number?
False
Let o(u) = -5076*u - 7963. Is o(-85) a composite number?
False
Let i(p) = -p**2 + 9*p - 8. Let o be i(8). Let j(v) = v**2 - v + 6761. Is j(o) a prime number?
True
Suppose 6*c = 14*n - 12*n + 421506, -4*n = c - 70225. Is c a prime number?
True
Let s be 0 + 16/24 + 103534/3. Suppose -15*i + s = i. Is i a prime number?
False
Let i = 300879 + -134078. Is i a composite number?
True
Let b = 3690 - -18337. Is b composite?
False
Let k(i) = -i**3 + 3*i**2 + 5*i - 6122. Let u be k(0). Let a = 166 + -292. Is 36/a + u/(-14) composite?
True
Suppose 1 = 3*y - 11. Is y/(72/54346) + 12/(-54) prime?
True
Let x(g) = 19201*g + 340. Is x(3) composite?
False
Let v = -84 + 95. Suppose v*w - 712 = -13142. Let z = w + 2224. Is z composite?
True
Suppose -n + 4 = -6. Let p = -507 + 511. Suppose 0 = -3*v - 0*v - p*i + 3553, n = -5*i. Is v a composite number?
False
Suppose -2*p + 4303 + 5973 = 5*i, 4*p = -2*i + 20536. Suppose 0 = -3*v + 4674 + p. Is v prime?
False
Is ((-21)/4)/(-3)*(-518)/1813*-272414 a prime number?
True
Let r(y) = -196*y + 97. Let a be r(-7). Suppose 5*v - 1485 = -5*p - 0*v, v - a = -5*p. Is p composite?
False
Suppose 9*o = 2*o - 122934. Is (-10)/15*(o/4 - 0) a prime number?
True
Let c = -426486 - -649129. Is c a prime number?
True
Suppose 5*v = 15273 + 58837. Suppose 96*n = 98*n - v. Is n a composite number?
F